ommon factor of 887 and 12629993.
887
What is the highest common factor of 740 and 11433814?
74
Calculate the greatest common divisor of 3218015 and 10480.
655
What is the highest common divisor of 6922947 and 1245?
249
Calculate the highest common divisor of 5361 and 7296.
3
What is the greatest common factor of 9156 and 2786?
14
What is the greatest common factor of 13517 and 5250389?
1931
Calculate the highest common divisor of 28480 and 87030.
10
Calculate the greatest common factor of 724039 and 806629.
2753
What is the highest common factor of 46925 and 795?
5
What is the highest common factor of 44914 and 4029?
17
Calculate the highest common divisor of 966984 and 1416.
24
Calculate the greatest common factor of 729710 and 790340.
430
What is the greatest common factor of 356 and 12323468?
4
What is the highest common divisor of 287 and 11006653?
7
What is the highest common factor of 15 and 1652152965?
15
What is the greatest common divisor of 3036383 and 98?
49
Calculate the highest common factor of 64 and 14453328.
16
What is the highest common factor of 147381588 and 72?
36
What is the highest common factor of 2500 and 800348?
4
Calculate the greatest common factor of 6666 and 17900634.
606
Calculate the greatest common divisor of 770721 and 19581.
321
Calculate the highest common factor of 1467596 and 355042.
334
Calculate the highest common divisor of 524 and 17354487.
131
Calculate the greatest common factor of 816477 and 415311.
69
Calculate the greatest common divisor of 64 and 13064648.
8
What is the greatest common factor of 37740 and 3108?
444
Calculate the greatest common divisor of 159151 and 114061.
167
What is the greatest common factor of 5780 and 2798965?
1445
What is the greatest common divisor of 2708480 and 690?
230
Calculate the highest common factor of 228 and 67988676.
12
What is the greatest common divisor of 3220 and 914410?
70
Calculate the greatest common factor of 7915 and 173045645.
7915
Calculate the greatest common factor of 276177 and 756.
3
Calculate the greatest common factor of 2469 and 9909743.
823
Calculate the greatest common divisor of 17225734 and 26890.
5378
Calculate the highest common factor of 997234 and 2451194.
326
What is the highest common factor of 3754 and 4946?
2
Calculate the greatest common divisor of 6355 and 1706420.
205
Calculate the highest common factor of 18669 and 65530857.
2667
Calculate the highest common divisor of 4191 and 17424.
33
Calculate the highest common divisor of 43664022 and 1134.
162
Calculate the highest common factor of 9580 and 54120.
20
Calculate the highest common factor of 1239530 and 190.
10
Calculate the greatest common factor of 507439 and 188387.
31
What is the highest common divisor of 309946 and 10556?
182
Calculate the highest common factor of 11038250 and 85670.
6590
What is the greatest common divisor of 4915 and 27395?
5
What is the greatest common factor of 2541 and 567735?
21
What is the greatest common divisor of 120693026 and 194?
194
Calculate the highest common divisor of 4508 and 183448552.
4508
What is the highest common factor of 263148 and 48?
12
What is the greatest common divisor of 138030 and 158574?
642
Calculate the greatest common factor of 36 and 6036180.
12
What is the highest common divisor of 44587437 and 284133?
5361
Calculate the greatest common factor of 6084 and 285300.
36
What is the highest common factor of 6125 and 621125?
125
Calculate the greatest common divisor of 1988354 and 68.
34
What is the highest common factor of 360 and 11584350?
90
Calculate the highest common divisor of 360 and 473820.
60
Calculate the highest common divisor of 77628668 and 104.
52
What is the highest common factor of 777772 and 64?
4
Calculate the highest common factor of 4601254 and 1918.
14
What is the highest common factor of 3430670 and 1396?
698
What is the highest common factor of 60 and 241541205?
15
Calculate the greatest common factor of 124 and 21588.
4
What is the greatest common factor of 11172 and 40457732?
196
Calculate the greatest common factor of 38475 and 5014062.
1539
Calculate the highest common divisor of 1164 and 262308.
12
Calculate the highest common divisor of 151801613 and 2347.
2347
What is the highest common factor of 1605980 and 28615?
295
Calculate the highest common factor of 517584 and 768.
48
What is the highest common factor of 660 and 5531400?
60
Calculate the highest common divisor of 18759 and 180449074.
6253
Calculate the highest common factor of 140304 and 820068.
444
Calculate the highest common divisor of 6523193 and 2041.
157
What is the highest common divisor of 54604 and 129302?
34
Calculate the greatest common divisor of 269594663 and 26.
13
What is the highest common divisor of 4099 and 2262?
1
What is the highest common divisor of 1188 and 597784?
44
What is the highest common divisor of 6264 and 1508328?
216
Calculate the greatest common divisor of 272123985 and 1995.
1995
Calculate the greatest common factor of 512 and 19890688.
512
What is the highest common divisor of 153465 and 8905?
65
Calculate the greatest common factor of 3798167 and 1047.
349
Calculate the highest common divisor of 25636793 and 3334.
1667
Calculate the greatest common divisor of 17608 and 298344.
248
Calculate the greatest common divisor of 28932210 and 90.
90
What is the greatest common factor of 3612646 and 3443?
313
What is the greatest common factor of 21776072 and 3752?
536
Calculate the greatest common divisor of 2379 and 23214831.
183
What is the greatest common factor of 8667175 and 25?
25
Calculate the highest common divisor of 73150 and 223630.
2090
What is the greatest common divisor of 6 and 18707238?
6
Calculate the greatest common divisor of 24 and 17450176.
8
What is the highest common divisor of 90333287 and 132?
11
What is the highest common factor of 98940 and 5084700?
1020
What is the highest common divisor of 171 and 53348535?
9
Calculate the highest common divisor of 512225 and 298375.
175
What is the highest common factor of 78110616 and 48?
24
What is the greatest common factor of 103 and 130026067?
103
Calculate the highest common factor of 44681760 and 82080.
4320
What is the greatest common divisor of 11526 and 6259974?
678
What is the greatest common divisor of 5297226 and 18964?
22
Calculate the greatest common factor of 10304077 and 526.
263
What is the greatest common factor of 22862996 and 403?
403
What is the highest common divisor of 1032 and 59779116?
516
What is the greatest common divisor of 4320 and 1001592?
216
Calculate the highest common divisor of 45971808 and 288.
96
What is the greatest common divisor of 778 and 22588452?
778
Calculate the greatest common factor of 152313 and 273.
21
Calculate the greatest common factor of 7618292 and 57728.
1804
Calculate the highest common factor of 72184092 and 636.
636
Calculate the highest common divisor of 2448 and 15754512.
816
What is the highest common divisor of 3472 and 568416?
496
Calculate the highest common factor of 2178060 and 50220.
1860
Calculate the highest common divisor of 19441566 and 5724.
2862
Calculate the greatest common divisor of 195 and 2929815.
15
Calculate the greatest common factor of 320 and 21012416.
64
Calculate the highest common factor of 17355 and 141375.
195
What is the highest common divisor of 15020 and 11674295?
3755
What is the greatest common divisor of 1824 and 15759550?
38
What is the greatest common factor of 10798541 and 1040?
13
What is the greatest common divisor of 1491963 and 9?
3
Calculate the greatest common factor of 31052345 and 745.
745
Calculate the greatest common divisor of 38 and 5985513.
19
What is the greatest common factor of 830453 and 14084?
503
What is the greatest common factor of 18690523 and 449?
449
What is the greatest common factor of 2461 and 7403171?
23
What is the greatest common factor of 4618355 and 897890?
4445
What is the highest common divisor of 91 and 1067339?
91
What is the highest common divisor of 36432 and 4093056?
1584
Calculate the highest common factor of 9447383 and 3014.
1507
Calculate the highest common factor of 1710 and 185391.
9
Calculate the highest common divisor of 23749985 and 290.
145
What is the highest common divisor of 3213697 and 187?